{"version":"1.0","provider_name":"ES | Greenpeace Espa\u00f1a","provider_url":"https:\/\/es.greenpeace.org\/es","author_name":"Greenpeace Espa\u00f1a","author_url":"https:\/\/es.greenpeace.org\/es\/noticias-autores\/gp\/","title":"Demanda contra el Gobierno de Espa\u00f1a por falta de acci\u00f3n clim\u00e1tica - ES | Greenpeace Espa\u00f1a","type":"rich","width":600,"height":338,"html":"<blockquote class=\"wp-embedded-content\" data-secret=\"jpzHDcmCuB\"><a href=\"https:\/\/es.greenpeace.org\/es\/sala-de-prensa\/documentos\/demanda-contra-el-gobierno\/\">Demanda contra el Gobierno de Espa\u00f1a por falta de acci\u00f3n clim\u00e1tica<\/a><\/blockquote><iframe sandbox=\"allow-scripts\" security=\"restricted\" src=\"https:\/\/es.greenpeace.org\/es\/sala-de-prensa\/documentos\/demanda-contra-el-gobierno\/embed\/#?secret=jpzHDcmCuB\" width=\"600\" height=\"338\" title=\"\u00abDemanda contra el Gobierno de Espa\u00f1a por falta de acci\u00f3n clim\u00e1tica\u00bb \u2014 ES | Greenpeace Espa\u00f1a\" data-secret=\"jpzHDcmCuB\" frameborder=\"0\" marginwidth=\"0\" marginheight=\"0\" scrolling=\"no\" class=\"wp-embedded-content\"><\/iframe><script type=\"text\/javascript\">\n\/* <![CDATA[ *\/\n\/*! This file is auto-generated *\/\n!function(d,l){\"use strict\";l.querySelector&&d.addEventListener&&\"undefined\"!=typeof URL&&(d.wp=d.wp||{},d.wp.receiveEmbedMessage||(d.wp.receiveEmbedMessage=function(e){var t=e.data;if((t||t.secret||t.message||t.value)&&!\/[^a-zA-Z0-9]\/.test(t.secret)){for(var s,r,n,a=l.querySelectorAll('iframe[data-secret=\"'+t.secret+'\"]'),o=l.querySelectorAll('blockquote[data-secret=\"'+t.secret+'\"]'),c=new RegExp(\"^https?:$\",\"i\"),i=0;i<o.length;i++)o[i].style.display=\"none\";for(i=0;i<a.length;i++)s=a[i],e.source===s.contentWindow&&(s.removeAttribute(\"style\"),\"height\"===t.message?(1e3<(r=parseInt(t.value,10))?r=1e3:~~r<200&&(r=200),s.height=r):\"link\"===t.message&&(r=new URL(s.getAttribute(\"src\")),n=new URL(t.value),c.test(n.protocol))&&n.host===r.host&&l.activeElement===s&&(d.top.location.href=t.value))}},d.addEventListener(\"message\",d.wp.receiveEmbedMessage,!1),l.addEventListener(\"DOMContentLoaded\",function(){for(var e,t,s=l.querySelectorAll(\"iframe.wp-embedded-content\"),r=0;r<s.length;r++)(t=(e=s[r]).getAttribute(\"data-secret\"))||(t=Math.random().toString(36).substring(2,12),e.src+=\"#?secret=\"+t,e.setAttribute(\"data-secret\",t)),e.contentWindow.postMessage({message:\"ready\",secret:t},\"*\")},!1)))}(window,document);\n\/\/# sourceURL=https:\/\/es.greenpeace.org\/es\/wp-includes\/js\/wp-embed.min.js\n\/* ]]> *\/\n<\/script>\n","description":"Greenpeace, Ecologistas en Acci\u00f3n y Oxfam Interm\u00f3n han presentado ante el Tribunal Supremo la demanda contra el Gobierno de Espa\u00f1a por inacci\u00f3n ante el cambio clim\u00e1tico. Se trata de un paso decisivo en el proceso judicial emprendido por las tres organizaciones el pasado mes de septiembre para exigir al Ejecutivo una respuesta adecuada ante la [&hellip;]"}

ES | Greenpeace España

Greenpeace España

Demanda contra el Gobierno de España por falta de acción climática - ES | Greenpeace España

<blockquote class="wp-embedded-content" data-secret="jpzHDcmCuB"><a href="https://es.greenpeace.org/es/sala-de-prensa/documentos/demanda-contra-el-gobierno/">Demanda contra el Gobierno de España por falta de acción climática</a></blockquote><iframe sandbox="allow-scripts" security="restricted" src="https://es.greenpeace.org/es/sala-de-prensa/documentos/demanda-contra-el-gobierno/embed/#?secret=jpzHDcmCuB" width="600" height="338" title="«Demanda contra el Gobierno de España por falta de acción climática» — ES | Greenpeace España" data-secret="jpzHDcmCuB" frameborder="0" marginwidth="0" marginheight="0" scrolling="no" class="wp-embedded-content"></iframe><script type="text/javascript">
/* <![CDATA[ */
/*! This file is auto-generated */
!function(d,l){"use strict";l.querySelector&&d.addEventListener&&"undefined"!=typeof URL&&(d.wp=d.wp||{},d.wp.receiveEmbedMessage||(d.wp.receiveEmbedMessage=function(e){var t=e.data;if((t||t.secret||t.message||t.value)&&!/[^a-zA-Z0-9]/.test(t.secret)){for(var s,r,n,a=l.querySelectorAll('iframe[data-secret="'+t.secret+'"]'),o=l.querySelectorAll('blockquote[data-secret="'+t.secret+'"]'),c=new RegExp("^https?:$","i"),i=0;i<o.length;i++)o[i].style.display="none";for(i=0;i<a.length;i++)s=a[i],e.source===s.contentWindow&&(s.removeAttribute("style"),"height"===t.message?(1e3<(r=parseInt(t.value,10))?r=1e3:~~r<200&&(r=200),s.height=r):"link"===t.message&&(r=new URL(s.getAttribute("src")),n=new URL(t.value),c.test(n.protocol))&&n.host===r.host&&l.activeElement===s&&(d.top.location.href=t.value))}},d.addEventListener("message",d.wp.receiveEmbedMessage,!1),l.addEventListener("DOMContentLoaded",function(){for(var e,t,s=l.querySelectorAll("iframe.wp-embedded-content"),r=0;r<s.length;r++)(t=(e=s[r]).getAttribute("data-secret"))||(t=Math.random().toString(36).substring(2,12),e.src+="#?secret="+t,e.setAttribute("data-secret",t)),e.contentWindow.postMessage({message:"ready",secret:t},"*")},!1)))}(window,document);
//# sourceURL=https://es.greenpeace.org/es/wp-includes/js/wp-embed.min.js
/* ]]> */
</script>

Greenpeace, Ecologistas en Acción y Oxfam Intermón han presentado ante el Tribunal Supremo la demanda contra el Gobierno de España por inacción ante el cambio climático. Se trata de un paso decisivo en el proceso judicial emprendido por las tres organizaciones el pasado mes de septiembre para exigir al Ejecutivo una respuesta adecuada ante la [&hellip;]
